{"id":305,"date":"2024-06-17T22:34:15","date_gmt":"2024-06-17T22:34:15","guid":{"rendered":"https:\/\/hospitalsaopaulo.animaker.com.br\/?page_id=305"},"modified":"2024-06-19T13:42:12","modified_gmt":"2024-06-19T13:42:12","slug":"privacidade-perguntas-e-respostas","status":"publish","type":"page","link":"https:\/\/hospitalsaopaulo.animaker.com.br\/?page_id=305","title":{"rendered":"Privacidade &#8211; Perguntas e Respostas"},"content":{"rendered":"\t\t<div data-elementor-type=\"wp-page\" data-elementor-id=\"305\" class=\"elementor elementor-305\" data-elementor-post-type=\"page\">\n\t\t\t\t\t\t<section class=\"elementor-section elementor-top-section elementor-element elementor-element-3a2dec31 elementor-section-boxed elementor-section-height-default elementor-section-height-default\" data-id=\"3a2dec31\" data-element_type=\"section\" data-e-type=\"section\">\n\t\t\t\t\t\t<div class=\"elementor-container elementor-column-gap-default\">\n\t\t\t\t\t<div class=\"elementor-column elementor-col-100 elementor-top-column elementor-element elementor-element-61ebf443\" data-id=\"61ebf443\" data-element_type=\"column\" data-e-type=\"column\">\n\t\t\t<div class=\"elementor-widget-wrap elementor-element-populated\">\n\t\t\t\t\t\t<div class=\"elementor-element elementor-element-57fb80e4 elementor-widget elementor-widget-spacer\" data-id=\"57fb80e4\" data-element_type=\"widget\" data-e-type=\"widget\" data-widget_type=\"spacer.default\">\n\t\t\t\t<div class=\"elementor-widget-container\">\n\t\t\t\t\t\t\t<div class=\"elementor-spacer\">\n\t\t\t<div class=\"elementor-spacer-inner\"><\/div>\n\t\t<\/div>\n\t\t\t\t\t\t<\/div>\n\t\t\t\t<\/div>\n\t\t\t\t<div class=\"elementor-element elementor-element-77e2a0a0 elementor-widget elementor-widget-heading\" data-id=\"77e2a0a0\" data-element_type=\"widget\" data-e-type=\"widget\" data-widget_type=\"heading.default\">\n\t\t\t\t<div class=\"elementor-widget-container\">\n\t\t\t\t\t<h2 class=\"elementor-heading-title elementor-size-default\">Privacidade - Perguntas e Respostas<\/h2>\t\t\t\t<\/div>\n\t\t\t\t<\/div>\n\t\t\t\t<div class=\"elementor-element elementor-element-1822453a elementor-widget elementor-widget-text-editor\" data-id=\"1822453a\" data-element_type=\"widget\" data-e-type=\"widget\" data-widget_type=\"text-editor.default\">\n\t\t\t\t<div class=\"elementor-widget-container\">\n\t\t\t\t\t\t\t\t\t<p class=\"p1\"><span class=\"s1\">A\u00a0<b>Equipe de Privacidade da SPDM<\/b>\u00a0tem como miss\u00e3o garantir que todas as atividades da institui\u00e7\u00e3o sejam realizadas de acordo com os mais elevados padr\u00f5es de privacidade e de prote\u00e7\u00e3o de dados, garantindo, assim, a seguran\u00e7a de todos aqueles com quem a SPDM se relaciona.<\/span><\/p><p class=\"p1\"><span class=\"s1\">Para atingir este grandioso objetivo, \u00e9 fundamental que todos os colaboradores da SPDM tenham conhecimento sobre privacidade e sua import\u00e2ncia em seu dia a dia, raz\u00e3o pela qual a Equipe de Privacidade envida seus esfor\u00e7os em criar e divulgar diversos tipos de materiais de conscientiza\u00e7\u00e3o.<\/span><\/p><p class=\"p1\"><span class=\"s1\">Neste sentido, apresentamos a se\u00e7\u00e3o de\u00a0<b>\u201cPerguntas e Respostas\u201d\u00a0<\/b>sobre a LGPD, que tem como intuito proporcionar conhecimentos b\u00e1sicos sobre a Lei que regula a utiliza\u00e7\u00e3o de dados pessoais no Brasil! Boa Leitura!<\/span><\/p>\t\t\t\t\t\t\t\t<\/div>\n\t\t\t\t<\/div>\n\t\t\t\t<div class=\"elementor-element elementor-element-3af6739 elementor-widget elementor-widget-toggle\" data-id=\"3af6739\" data-element_type=\"widget\" data-e-type=\"widget\" data-widget_type=\"toggle.default\">\n\t\t\t\t<div class=\"elementor-widget-container\">\n\t\t\t\t\t\t\t<div class=\"elementor-toggle\">\n\t\t\t\t\t\t\t<div class=\"elementor-toggle-item\">\n\t\t\t\t\t<div id=\"elementor-tab-title-6181\" class=\"elementor-tab-title\" data-tab=\"1\" role=\"button\" aria-controls=\"elementor-tab-content-6181\" aria-expanded=\"false\">\n\t\t\t\t\t\t\t\t\t\t\t\t<span class=\"elementor-toggle-icon elementor-toggle-icon-left\" aria-hidden=\"true\">\n\t\t\t\t\t\t\t\t\t\t\t\t\t\t\t<span class=\"elementor-toggle-icon-closed\"><i class=\"fas fa-caret-right\"><\/i><\/span>\n\t\t\t\t\t\t\t\t<span class=\"elementor-toggle-icon-opened\"><i class=\"elementor-toggle-icon-opened fas fa-caret-up\"><\/i><\/span>\n\t\t\t\t\t\t\t\t\t\t\t\t\t<\/span>\n\t\t\t\t\t\t\t\t\t\t\t\t<a class=\"elementor-toggle-title\" tabindex=\"0\">1. O que \u00e9 a Lei Geral de Prote\u00e7\u00e3o de Dados?<\/a>\n\t\t\t\t\t<\/div>\n\n\t\t\t\t\t<div id=\"elementor-tab-content-6181\" class=\"elementor-tab-content elementor-clearfix\" data-tab=\"1\" role=\"region\" aria-labelledby=\"elementor-tab-title-6181\"><p>A Lei Geral de Prote\u00e7\u00e3o de Dados (Lei 13.709\/2018), mais conhecida pelo acr\u00f4nimo\u00a0<b>\u201cLGPD\u201d<\/b>, \u00e9 uma lei brasileira que\u00a0<b>tem como fun\u00e7\u00e3o impor regras sobre a utiliza\u00e7\u00e3o informa\u00e7\u00f5es pessoais no pa\u00eds.<\/b>\u00a0Valendo desde 2020, a LGPD determina como os dados pessoais e dados sens\u00edveis podem e devem ser utilizados por empresas e \u00f3rg\u00e3os p\u00fablicos no Brasil, al\u00e9m de impor penalidades em caso de seu descumprimento.<\/p><\/div>\n\t\t\t\t<\/div>\n\t\t\t\t\t\t\t<div class=\"elementor-toggle-item\">\n\t\t\t\t\t<div id=\"elementor-tab-title-6182\" class=\"elementor-tab-title\" data-tab=\"2\" role=\"button\" aria-controls=\"elementor-tab-content-6182\" aria-expanded=\"false\">\n\t\t\t\t\t\t\t\t\t\t\t\t<span class=\"elementor-toggle-icon elementor-toggle-icon-left\" aria-hidden=\"true\">\n\t\t\t\t\t\t\t\t\t\t\t\t\t\t\t<span class=\"elementor-toggle-icon-closed\"><i class=\"fas fa-caret-right\"><\/i><\/span>\n\t\t\t\t\t\t\t\t<span class=\"elementor-toggle-icon-opened\"><i class=\"elementor-toggle-icon-opened fas fa-caret-up\"><\/i><\/span>\n\t\t\t\t\t\t\t\t\t\t\t\t\t<\/span>\n\t\t\t\t\t\t\t\t\t\t\t\t<a class=\"elementor-toggle-title\" tabindex=\"0\">2. O que s\u00e3o dados pessoais?<\/a>\n\t\t\t\t\t<\/div>\n\n\t\t\t\t\t<div id=\"elementor-tab-content-6182\" class=\"elementor-tab-content elementor-clearfix\" data-tab=\"2\" role=\"region\" aria-labelledby=\"elementor-tab-title-6182\"><p>A LGPD define\u00a0<b>dados pessoais<\/b>\u00a0como qualquer\u00a0<b><i>\u201cinforma\u00e7\u00e3o relacionada a pessoa natural identificada ou identific\u00e1vel\u201d<\/i><\/b>. Em outras palavras, os dados pessoais s\u00e3o quaisquer informa\u00e7\u00f5es que possam ser, direta ou indiretamente, relacionadas a determinada pessoa f\u00edsica viva. Assim, al\u00e9m de dados que nos identificam, como nome, RG e CPF, a LGPD considera como dados pessoais toda e qualquer informa\u00e7\u00e3o que possa ser relacionada a alguma pessoa em espec\u00edfico.<\/p><\/div>\n\t\t\t\t<\/div>\n\t\t\t\t\t\t\t<div class=\"elementor-toggle-item\">\n\t\t\t\t\t<div id=\"elementor-tab-title-6183\" class=\"elementor-tab-title\" data-tab=\"3\" role=\"button\" aria-controls=\"elementor-tab-content-6183\" aria-expanded=\"false\">\n\t\t\t\t\t\t\t\t\t\t\t\t<span class=\"elementor-toggle-icon elementor-toggle-icon-left\" aria-hidden=\"true\">\n\t\t\t\t\t\t\t\t\t\t\t\t\t\t\t<span class=\"elementor-toggle-icon-closed\"><i class=\"fas fa-caret-right\"><\/i><\/span>\n\t\t\t\t\t\t\t\t<span class=\"elementor-toggle-icon-opened\"><i class=\"elementor-toggle-icon-opened fas fa-caret-up\"><\/i><\/span>\n\t\t\t\t\t\t\t\t\t\t\t\t\t<\/span>\n\t\t\t\t\t\t\t\t\t\t\t\t<a class=\"elementor-toggle-title\" tabindex=\"0\">3. O que s\u00e3o dados sens\u00edveis?<\/a>\n\t\t\t\t\t<\/div>\n\n\t\t\t\t\t<div id=\"elementor-tab-content-6183\" class=\"elementor-tab-content elementor-clearfix\" data-tab=\"3\" role=\"region\" aria-labelledby=\"elementor-tab-title-6183\"><p>Os dados pessoais sens\u00edveis, ou simplesmente\u00a0<b>dados sens\u00edveis<\/b>, s\u00e3o uma categoria especial de dados pessoais, assim considerados em raz\u00e3o de seu potencial lesivo e\/ou discriminat\u00f3rio para as pessoas a quem se referem em caso de mal uso de tais informa\u00e7\u00f5es. Segundo determina a LGPD, s\u00e3o dados sens\u00edveis os\u00a0<b>dados pessoais\u00a0<i>\u201csobre origem racial ou \u00e9tnica, convic\u00e7\u00e3o religiosa, opini\u00e3o pol\u00edtica, filia\u00e7\u00e3o a sindicato ou a organiza\u00e7\u00e3o de car\u00e1ter religioso, filos\u00f3fico ou pol\u00edtico, dado referente \u00e0 sa\u00fade ou \u00e0 vida sexual, dado gen\u00e9tico ou biom\u00e9trico, quando vinculado a uma pessoa natural\u201d.<\/i><\/b><\/p><\/div>\n\t\t\t\t<\/div>\n\t\t\t\t\t\t\t<div class=\"elementor-toggle-item\">\n\t\t\t\t\t<div id=\"elementor-tab-title-6184\" class=\"elementor-tab-title\" data-tab=\"4\" role=\"button\" aria-controls=\"elementor-tab-content-6184\" aria-expanded=\"false\">\n\t\t\t\t\t\t\t\t\t\t\t\t<span class=\"elementor-toggle-icon elementor-toggle-icon-left\" aria-hidden=\"true\">\n\t\t\t\t\t\t\t\t\t\t\t\t\t\t\t<span class=\"elementor-toggle-icon-closed\"><i class=\"fas fa-caret-right\"><\/i><\/span>\n\t\t\t\t\t\t\t\t<span class=\"elementor-toggle-icon-opened\"><i class=\"elementor-toggle-icon-opened fas fa-caret-up\"><\/i><\/span>\n\t\t\t\t\t\t\t\t\t\t\t\t\t<\/span>\n\t\t\t\t\t\t\t\t\t\t\t\t<a class=\"elementor-toggle-title\" tabindex=\"0\">4. Quem \u00e9 protegido pela LGPD?<\/a>\n\t\t\t\t\t<\/div>\n\n\t\t\t\t\t<div id=\"elementor-tab-content-6184\" class=\"elementor-tab-content elementor-clearfix\" data-tab=\"4\" role=\"region\" aria-labelledby=\"elementor-tab-title-6184\"><p class=\"p1\"><span class=\"s1\">A LGPD tem como objetivo primordial\u00a0<i>\u201cproteger os direitos fundamentais de liberdade e de privacidade e o livre desenvolvimento da personalidade da pessoa natural\u201d<\/i>, de modo que sua miss\u00e3o \u00e9 proteger as pessoas, denominadas na Lei como \u201ctitulares de dados pessoais\u201d.<\/span><\/p><p class=\"p1\"><span class=\"s1\">Assim, a LGPD tem como foco a prote\u00e7\u00e3o das pessoas e de seu desenvolvimento, raz\u00e3o pela qual estabelece limites e condi\u00e7\u00f5es para que suas informa\u00e7\u00f5es pessoais sejam utilizadas por terceiros, al\u00e9m de prever direitos espec\u00edficos sobre seus dados pessoais.<\/span><\/p><\/div>\n\t\t\t\t<\/div>\n\t\t\t\t\t\t\t<div class=\"elementor-toggle-item\">\n\t\t\t\t\t<div id=\"elementor-tab-title-6185\" class=\"elementor-tab-title\" data-tab=\"5\" role=\"button\" aria-controls=\"elementor-tab-content-6185\" aria-expanded=\"false\">\n\t\t\t\t\t\t\t\t\t\t\t\t<span class=\"elementor-toggle-icon elementor-toggle-icon-left\" aria-hidden=\"true\">\n\t\t\t\t\t\t\t\t\t\t\t\t\t\t\t<span class=\"elementor-toggle-icon-closed\"><i class=\"fas fa-caret-right\"><\/i><\/span>\n\t\t\t\t\t\t\t\t<span class=\"elementor-toggle-icon-opened\"><i class=\"elementor-toggle-icon-opened fas fa-caret-up\"><\/i><\/span>\n\t\t\t\t\t\t\t\t\t\t\t\t\t<\/span>\n\t\t\t\t\t\t\t\t\t\t\t\t<a class=\"elementor-toggle-title\" tabindex=\"0\">5. Quais os direitos garantidos pela LGPD?<\/a>\n\t\t\t\t\t<\/div>\n\n\t\t\t\t\t<div id=\"elementor-tab-content-6185\" class=\"elementor-tab-content elementor-clearfix\" data-tab=\"5\" role=\"region\" aria-labelledby=\"elementor-tab-title-6185\"><p class=\"p1\"><span class=\"s1\"><b>A LGPD criou uma s\u00e9rie de direitos voltados a garantir que as pessoas tenham maior controle sobre suas pr\u00f3prias informa\u00e7\u00f5es.<\/b>\u00a0Assim, de acordo com o previsto na Lei, toda pessoa tem o direito de solicitar que uma empresa ou ente p\u00fablico:<\/span><\/p><ul class=\"ul1\"><li class=\"li1\"><span class=\"s1\">Informe se utiliza ou n\u00e3o seus dados pessoais e, em caso positivo, de saber quais s\u00e3o esses dados;<\/span><\/li><li class=\"li1\"><span class=\"s1\">Corrija dados inexatos, incompletos ou desatualizados sobre si;<\/span><\/li><li class=\"li1\"><span class=\"s1\">Anonimize, bloqueie ou elimine os dados que tem sobre si, quando entender que sua utiliza\u00e7\u00e3o \u00e9 feita fora dos limites da Lei;<\/span><\/li><li class=\"li1\"><span class=\"s1\">Providencie a portabilidade de suas informa\u00e7\u00f5es para outro prestador de servi\u00e7o;<\/span><\/li><li class=\"li1\"><span class=\"s1\">Elimine suas informa\u00e7\u00f5es pessoais, quando estas foram utilizadas com sua autoriza\u00e7\u00e3o;<\/span><\/li><li class=\"li1\"><span class=\"s1\">Preste informa\u00e7\u00f5es sobre a possibilidade de n\u00e3o autorizar o uso de seus dados ou mesmo sobre com quem as informa\u00e7\u00f5es foram compartilhadas;<\/span><\/li><li class=\"li1\"><span class=\"s1\">Deixe de utilizar seus dados pessoais, desde que tenha autorizado seu uso anteriormente.<\/span><\/li><\/ul><p class=\"p3\"><span class=\"s1\">Todavia, ainda que a LGPD preveja tais direitos, estes n\u00e3o s\u00e3o absolutos, isto \u00e9, ainda que a Lei garanta a possibilidade das pessoas exercerem tais direitos, nem sempre as medida ser\u00e3o acatadas pelas empresas e entes p\u00fablicos, j\u00e1 que estes dever\u00e3o analisar se h\u00e1 outros motivos que impedem a ado\u00e7\u00e3o da medida pretendida pela pessoa.<\/span><\/p><\/div>\n\t\t\t\t<\/div>\n\t\t\t\t\t\t\t<div class=\"elementor-toggle-item\">\n\t\t\t\t\t<div id=\"elementor-tab-title-6186\" class=\"elementor-tab-title\" data-tab=\"6\" role=\"button\" aria-controls=\"elementor-tab-content-6186\" aria-expanded=\"false\">\n\t\t\t\t\t\t\t\t\t\t\t\t<span class=\"elementor-toggle-icon elementor-toggle-icon-left\" aria-hidden=\"true\">\n\t\t\t\t\t\t\t\t\t\t\t\t\t\t\t<span class=\"elementor-toggle-icon-closed\"><i class=\"fas fa-caret-right\"><\/i><\/span>\n\t\t\t\t\t\t\t\t<span class=\"elementor-toggle-icon-opened\"><i class=\"elementor-toggle-icon-opened fas fa-caret-up\"><\/i><\/span>\n\t\t\t\t\t\t\t\t\t\t\t\t\t<\/span>\n\t\t\t\t\t\t\t\t\t\t\t\t<a class=\"elementor-toggle-title\" tabindex=\"0\">6. Quando a LGPD se aplica?<\/a>\n\t\t\t\t\t<\/div>\n\n\t\t\t\t\t<div id=\"elementor-tab-content-6186\" class=\"elementor-tab-content elementor-clearfix\" data-tab=\"6\" role=\"region\" aria-labelledby=\"elementor-tab-title-6186\"><p class=\"p1\"><span class=\"s1\"><b>A LGPD se aplica a todo e qualquer uso de dados pessoais e\/ou sens\u00edveis realizado no Brasil, voltado a ofertar ou fornecer bens, produtos ou servi\u00e7os no pa\u00eds ou que envolva dados por aqui coletados.<\/b><\/span><\/p><p class=\"p1\"><span class=\"s1\">\u00c9 importante saber que a LGPD se refere ao uso de dados pessoais e sens\u00edveis como\u00a0<b><i>\u201ctratamento de dados\u201d<\/i><\/b>, o que inclui qualquer atividade com informa\u00e7\u00f5es pessoais, desde atividades mais simples, como a coleta de dados em um formul\u00e1rio ou sua guarda em arquivo, at\u00e9 atividades mais complexas, como a forma\u00e7\u00e3o de perfis sobre determinada pessoa.<\/span><\/p><p class=\"p1\"><span class=\"s1\">Al\u00e9m disso, a LGPD se aplica ao tratamento de dados em formato f\u00edsico e digital, de modo que mesmo atividades realizadas no mundo f\u00edsico tamb\u00e9m devem respeitar suas determina\u00e7\u00f5es.<\/span><\/p><\/div>\n\t\t\t\t<\/div>\n\t\t\t\t\t\t\t<div class=\"elementor-toggle-item\">\n\t\t\t\t\t<div id=\"elementor-tab-title-6187\" class=\"elementor-tab-title\" data-tab=\"7\" role=\"button\" aria-controls=\"elementor-tab-content-6187\" aria-expanded=\"false\">\n\t\t\t\t\t\t\t\t\t\t\t\t<span class=\"elementor-toggle-icon elementor-toggle-icon-left\" aria-hidden=\"true\">\n\t\t\t\t\t\t\t\t\t\t\t\t\t\t\t<span class=\"elementor-toggle-icon-closed\"><i class=\"fas fa-caret-right\"><\/i><\/span>\n\t\t\t\t\t\t\t\t<span class=\"elementor-toggle-icon-opened\"><i class=\"elementor-toggle-icon-opened fas fa-caret-up\"><\/i><\/span>\n\t\t\t\t\t\t\t\t\t\t\t\t\t<\/span>\n\t\t\t\t\t\t\t\t\t\t\t\t<a class=\"elementor-toggle-title\" tabindex=\"0\">7. Quem deve cumprir a LGPD?<\/a>\n\t\t\t\t\t<\/div>\n\n\t\t\t\t\t<div id=\"elementor-tab-content-6187\" class=\"elementor-tab-content elementor-clearfix\" data-tab=\"7\" role=\"region\" aria-labelledby=\"elementor-tab-title-6187\"><p class=\"p1\"><span class=\"s1\"><b>Conforme consta em seu texto, a Lei Geral de Prote\u00e7\u00e3o de Dados se aplica a\u00a0<i>\u201cpessoa natural ou por pessoa jur\u00eddica de direito p\u00fablico ou privado, independentemente (\u2026) do pa\u00eds de sua sede ou do pa\u00eds onde estejam localizados os dados\u201d.<\/i>\u00a0Em outras palavras, voltada a garantir o uso leal e \u00e9tico dos dados pessoais e sens\u00edveis, a LGPD se aplica, majoritariamente, a empresas e institui\u00e7\u00f5es privadas, al\u00e9m de entes do Poder P\u00fablico.<\/b><\/span><\/p><p class=\"p1\"><span class=\"s1\">\u00c9 importante destacar que a LGPD n\u00e3o se aplica a alguns tipos de tratamento de dados, como aquele realizado por pessoa f\u00edsica para finalidades particulares e n\u00e3o econ\u00f4micas, quando a atividade \u00e9 realizada para fins jornal\u00edsticos e art\u00edsticos, bem como para atividades realizadas para fins de seguran\u00e7a p\u00fablica.<\/span><\/p><\/div>\n\t\t\t\t<\/div>\n\t\t\t\t\t\t\t<div class=\"elementor-toggle-item\">\n\t\t\t\t\t<div id=\"elementor-tab-title-6188\" class=\"elementor-tab-title\" data-tab=\"8\" role=\"button\" aria-controls=\"elementor-tab-content-6188\" aria-expanded=\"false\">\n\t\t\t\t\t\t\t\t\t\t\t\t<span class=\"elementor-toggle-icon elementor-toggle-icon-left\" aria-hidden=\"true\">\n\t\t\t\t\t\t\t\t\t\t\t\t\t\t\t<span class=\"elementor-toggle-icon-closed\"><i class=\"fas fa-caret-right\"><\/i><\/span>\n\t\t\t\t\t\t\t\t<span class=\"elementor-toggle-icon-opened\"><i class=\"elementor-toggle-icon-opened fas fa-caret-up\"><\/i><\/span>\n\t\t\t\t\t\t\t\t\t\t\t\t\t<\/span>\n\t\t\t\t\t\t\t\t\t\t\t\t<a class=\"elementor-toggle-title\" tabindex=\"0\">8. Quais as consequ\u00eancias para quem descumpre a LGPD?<\/a>\n\t\t\t\t\t<\/div>\n\n\t\t\t\t\t<div id=\"elementor-tab-content-6188\" class=\"elementor-tab-content elementor-clearfix\" data-tab=\"8\" role=\"region\" aria-labelledby=\"elementor-tab-title-6188\"><p>Para garantir que as empresas e os entes do Poder P\u00fablico cumpram suas determina\u00e7\u00f5es, garantindo assim o uso legal e \u00e9tico dos dados pessoais e sens\u00edveis, a LGPD prev\u00ea uma s\u00e9rie de penalidades para aqueles que a descumprem, desde\u00a0<b>san\u00e7\u00f5es mais brandas, como advert\u00eancia e publiciza\u00e7\u00e3o da infra\u00e7\u00e3o, at\u00e9 puni\u00e7\u00f5es mais pesadas, como multa de at\u00e9 50 milh\u00f5es de reais e proibi\u00e7\u00e3o de tratar dados pessoais.<\/b><\/p><\/div>\n\t\t\t\t<\/div>\n\t\t\t\t\t\t\t<div class=\"elementor-toggle-item\">\n\t\t\t\t\t<div id=\"elementor-tab-title-6189\" class=\"elementor-tab-title\" data-tab=\"9\" role=\"button\" aria-controls=\"elementor-tab-content-6189\" aria-expanded=\"false\">\n\t\t\t\t\t\t\t\t\t\t\t\t<span class=\"elementor-toggle-icon elementor-toggle-icon-left\" aria-hidden=\"true\">\n\t\t\t\t\t\t\t\t\t\t\t\t\t\t\t<span class=\"elementor-toggle-icon-closed\"><i class=\"fas fa-caret-right\"><\/i><\/span>\n\t\t\t\t\t\t\t\t<span class=\"elementor-toggle-icon-opened\"><i class=\"elementor-toggle-icon-opened fas fa-caret-up\"><\/i><\/span>\n\t\t\t\t\t\t\t\t\t\t\t\t\t<\/span>\n\t\t\t\t\t\t\t\t\t\t\t\t<a class=\"elementor-toggle-title\" tabindex=\"0\">9. Como a LGPD se aplica a SPDM?<\/a>\n\t\t\t\t\t<\/div>\n\n\t\t\t\t\t<div id=\"elementor-tab-content-6189\" class=\"elementor-tab-content elementor-clearfix\" data-tab=\"9\" role=\"region\" aria-labelledby=\"elementor-tab-title-6189\"><p class=\"p1\"><span class=\"s1\">A SPDM \u00e9 uma Associa\u00e7\u00e3o civil sem fins lucrativos, de natureza filantr\u00f3pica, que se enquadra como pessoa jur\u00eddica de direito privado que trata dados pessoais, conforme definido pela LGPD.<\/span><\/p><p class=\"p1\"><span class=\"s1\"><b>Assim, como a SPDM trata dados pessoais e sens\u00edveis na presta\u00e7\u00e3o de seus servi\u00e7os, bem como na rela\u00e7\u00e3o com seus pr\u00f3prios colaboradores, a LGPD se aplica integralmente \u00e0 SPDM, que deve realizar todas suas atividades de tratamento de dados pessoais de acordo com o previsto na Lei.<\/b><\/span><\/p><\/div>\n\t\t\t\t<\/div>\n\t\t\t\t\t\t\t<div class=\"elementor-toggle-item\">\n\t\t\t\t\t<div id=\"elementor-tab-title-61810\" class=\"elementor-tab-title\" data-tab=\"10\" role=\"button\" aria-controls=\"elementor-tab-content-61810\" aria-expanded=\"false\">\n\t\t\t\t\t\t\t\t\t\t\t\t<span class=\"elementor-toggle-icon elementor-toggle-icon-left\" aria-hidden=\"true\">\n\t\t\t\t\t\t\t\t\t\t\t\t\t\t\t<span class=\"elementor-toggle-icon-closed\"><i class=\"fas fa-caret-right\"><\/i><\/span>\n\t\t\t\t\t\t\t\t<span class=\"elementor-toggle-icon-opened\"><i class=\"elementor-toggle-icon-opened fas fa-caret-up\"><\/i><\/span>\n\t\t\t\t\t\t\t\t\t\t\t\t\t<\/span>\n\t\t\t\t\t\t\t\t\t\t\t\t<a class=\"elementor-toggle-title\" tabindex=\"0\">10. Como a SPDM cumpre a LGPD?<\/a>\n\t\t\t\t\t<\/div>\n\n\t\t\t\t\t<div id=\"elementor-tab-content-61810\" class=\"elementor-tab-content elementor-clearfix\" data-tab=\"10\" role=\"region\" aria-labelledby=\"elementor-tab-title-61810\"><p class=\"p1\"><span class=\"s1\">A SPDM tem na garantia de privacidade e de prote\u00e7\u00e3o de dados dos pacientes e demais usu\u00e1rios de seus servi\u00e7os, bem como de seus pr\u00f3prios colaboradores, um ponto fundamental de sua atua\u00e7\u00e3o. Por esta raz\u00e3o, a institui\u00e7\u00e3o envida seus melhores esfor\u00e7os para garantir as atividades de tratamento de dados pessoais e sens\u00edveis realizadas em seu cotidiano atendam a todos requisitos \u00e9ticos e legais.<\/span><\/p><p class=\"p1\"><span class=\"s1\"><b>Neste sentido, destaca-se que a SPDM, com intuito de garantir o integral cumprimento da LGPD, adota medidas em diversos n\u00edveis, dentre as quais se destacam:<\/b><\/span><\/p><ul class=\"ul1\"><li class=\"li1\"><span class=\"s1\"><b>A designa\u00e7\u00e3o de Encarregado pelo tratamento de dados pessoais para zelar pelo cumprimento da Lei nas atividades da institui\u00e7\u00e3o;<\/b><\/span><\/li><li class=\"li1\"><span class=\"s1\"><b>O estabelecimento de Comit\u00ea multidisciplinar para tratar de temas relacionados \u00e0 LGPD na institui\u00e7\u00e3o;<\/b><\/span><\/li><li class=\"li1\"><span class=\"s1\"><b>A cria\u00e7\u00e3o de equipe dedicada exclusivamente a lidar com quest\u00f5es de Privacidade na institui\u00e7\u00e3o;<\/b><\/span><\/li><li class=\"li1\"><span class=\"s1\"><b>A cria\u00e7\u00e3o e divulga\u00e7\u00e3o de atividades de treinamento e conscientiza\u00e7\u00e3o sobre Privacidade em toda a institui\u00e7\u00e3o;<\/b><\/span><\/li><li class=\"li1\"><span class=\"s1\"><b>A condu\u00e7\u00e3o de Projetos de Adequa\u00e7\u00e3o \u00e0 LGPD nas unidades da institui\u00e7\u00e3o.<\/b><\/span><\/li><\/ul><p class=\"p3\"><span class=\"s1\">Al\u00e9m disso, como usu\u00e1rio dos servi\u00e7os da SPDM e titular de dados pessoais, \u00e9 seu direito saber como a SPDM trata seus dados pessoais. Por esta raz\u00e3o, a SPDM disponibiliza em seu site o \u201cAviso de Privacidade\u201d, documento em que esclarecer como, quando e por que utiliza suas informa\u00e7\u00f5es pessoais.\u00a0<a href=\"https:\/\/hospitalsaopaulo.animaker.com.br\/?page_id=317\"><b>Clique aqui e veja!<\/b><\/a><\/span><\/p><\/div>\n\t\t\t\t<\/div>\n\t\t\t\t\t\t\t<div class=\"elementor-toggle-item\">\n\t\t\t\t\t<div id=\"elementor-tab-title-61811\" class=\"elementor-tab-title\" data-tab=\"11\" role=\"button\" aria-controls=\"elementor-tab-content-61811\" aria-expanded=\"false\">\n\t\t\t\t\t\t\t\t\t\t\t\t<span class=\"elementor-toggle-icon elementor-toggle-icon-left\" aria-hidden=\"true\">\n\t\t\t\t\t\t\t\t\t\t\t\t\t\t\t<span class=\"elementor-toggle-icon-closed\"><i class=\"fas fa-caret-right\"><\/i><\/span>\n\t\t\t\t\t\t\t\t<span class=\"elementor-toggle-icon-opened\"><i class=\"elementor-toggle-icon-opened fas fa-caret-up\"><\/i><\/span>\n\t\t\t\t\t\t\t\t\t\t\t\t\t<\/span>\n\t\t\t\t\t\t\t\t\t\t\t\t<a class=\"elementor-toggle-title\" tabindex=\"0\">11. Como posso tirar mais d\u00favidas sobre a LGPD?<\/a>\n\t\t\t\t\t<\/div>\n\n\t\t\t\t\t<div id=\"elementor-tab-content-61811\" class=\"elementor-tab-content elementor-clearfix\" data-tab=\"11\" role=\"region\" aria-labelledby=\"elementor-tab-title-61811\"><p>A\u00a0<b>Equipe de Privacidade da SPDM\u00a0<\/b>est\u00e1 sempre a postos para tirar todas as suas d\u00favidas sobre Privacidade e Prote\u00e7\u00e3o de Dados. Al\u00e9m dos diversos materiais informativos e de conscientiza\u00e7\u00e3o que elaboramos frequentemente, voc\u00ea pode enviar sua d\u00favida para\u00a0<b>encarregado.dados@spdm.org.br\u00a0<\/b>ou\u00a0<b>consulta.lgpd@spdm.org.br.<\/b><\/p><\/div>\n\t\t\t\t<\/div>\n\t\t\t\t\t\t\t\t<\/div>\n\t\t\t\t\t\t<\/div>\n\t\t\t\t<\/div>\n\t\t\t\t\t<\/div>\n\t\t<\/div>\n\t\t\t\t\t<\/div>\n\t\t<\/section>\n\t\t\t\t<\/div>\n\t\t","protected":false},"excerpt":{"rendered":"<p>Privacidade &#8211; Perguntas e Respostas A\u00a0Equipe de Privacidade da SPDM\u00a0tem como miss\u00e3o garantir que todas as atividades da institui\u00e7\u00e3o sejam realizadas de acordo com os mais elevados padr\u00f5es de privacidade e de prote\u00e7\u00e3o de dados, garantindo, assim, a seguran\u00e7a de todos aqueles com quem a SPDM se relaciona. Para atingir este grandioso objetivo, \u00e9 fundamental [&hellip;]<\/p>\n","protected":false},"author":1,"featured_media":0,"parent":0,"menu_order":0,"comment_status":"closed","ping_status":"closed","template":"elementor_header_footer","meta":{"footnotes":""},"class_list":["post-305","page","type-page","status-publish","hentry"],"_links":{"self":[{"href":"https:\/\/hospitalsaopaulo.animaker.com.br\/index.php?rest_route=\/wp\/v2\/pages\/305","targetHints":{"allow":["GET"]}}],"collection":[{"href":"https:\/\/hospitalsaopaulo.animaker.com.br\/index.php?rest_route=\/wp\/v2\/pages"}],"about":[{"href":"https:\/\/hospitalsaopaulo.animaker.com.br\/index.php?rest_route=\/wp\/v2\/types\/page"}],"author":[{"embeddable":true,"href":"https:\/\/hospitalsaopaulo.animaker.com.br\/index.php?rest_route=\/wp\/v2\/users\/1"}],"replies":[{"embeddable":true,"href":"https:\/\/hospitalsaopaulo.animaker.com.br\/index.php?rest_route=%2Fwp%2Fv2%2Fcomments&post=305"}],"version-history":[{"count":0,"href":"https:\/\/hospitalsaopaulo.animaker.com.br\/index.php?rest_route=\/wp\/v2\/pages\/305\/revisions"}],"wp:attachment":[{"href":"https:\/\/hospitalsaopaulo.animaker.com.br\/index.php?rest_route=%2Fwp%2Fv2%2Fmedia&parent=305"}],"curies":[{"name":"wp","href":"https:\/\/api.w.org\/{rel}","templated":true}]}}