{"id":294,"date":"2024-06-17T22:08:38","date_gmt":"2024-06-17T22:08:38","guid":{"rendered":"https:\/\/hospitalsaopaulo.animaker.com.br\/?page_id=294"},"modified":"2024-06-17T22:12:11","modified_gmt":"2024-06-17T22:12:11","slug":"privacidade","status":"publish","type":"page","link":"https:\/\/hospitalsaopaulo.animaker.com.br\/?page_id=294","title":{"rendered":"Privacidade"},"content":{"rendered":"\t\t<div data-elementor-type=\"wp-page\" data-elementor-id=\"294\" class=\"elementor elementor-294\" data-elementor-post-type=\"page\">\n\t\t\t\t\t\t<section class=\"elementor-section elementor-top-section elementor-element elementor-element-b6a6fce elementor-section-boxed elementor-section-height-default elementor-section-height-default\" data-id=\"b6a6fce\" data-element_type=\"section\" data-e-type=\"section\">\n\t\t\t\t\t\t<div class=\"elementor-container elementor-column-gap-default\">\n\t\t\t\t\t<div class=\"elementor-column elementor-col-100 elementor-top-column elementor-element elementor-element-8db377f\" data-id=\"8db377f\" data-element_type=\"column\" data-e-type=\"column\">\n\t\t\t<div class=\"elementor-widget-wrap elementor-element-populated\">\n\t\t\t\t\t\t<div class=\"elementor-element elementor-element-33d91b4 elementor-widget elementor-widget-spacer\" data-id=\"33d91b4\" data-element_type=\"widget\" data-e-type=\"widget\" data-widget_type=\"spacer.default\">\n\t\t\t\t<div class=\"elementor-widget-container\">\n\t\t\t\t\t\t\t<div class=\"elementor-spacer\">\n\t\t\t<div class=\"elementor-spacer-inner\"><\/div>\n\t\t<\/div>\n\t\t\t\t\t\t<\/div>\n\t\t\t\t<\/div>\n\t\t\t\t<div class=\"elementor-element elementor-element-3cee48b elementor-widget elementor-widget-heading\" data-id=\"3cee48b\" data-element_type=\"widget\" data-e-type=\"widget\" data-widget_type=\"heading.default\">\n\t\t\t\t<div class=\"elementor-widget-container\">\n\t\t\t\t\t<h2 class=\"elementor-heading-title elementor-size-default\">Privacidade na SPDM<\/h2>\t\t\t\t<\/div>\n\t\t\t\t<\/div>\n\t\t\t\t<div class=\"elementor-element elementor-element-0b78181 elementor-widget elementor-widget-text-editor\" data-id=\"0b78181\" data-element_type=\"widget\" data-e-type=\"widget\" data-widget_type=\"text-editor.default\">\n\t\t\t\t<div class=\"elementor-widget-container\">\n\t\t\t\t\t\t\t\t\t<p class=\"p1\"><span class=\"s1\">A SPDM, sempre atenta aos avan\u00e7os legais e tecnol\u00f3gicos, bem como primando pelas melhores pr\u00e1ticas na consecu\u00e7\u00e3o de seus objetivos estatut\u00e1rios, tem na privacidade e na prote\u00e7\u00e3o de dados dos pacientes e demais usu\u00e1rios de seus servi\u00e7os um ponto de grande aten\u00e7\u00e3o, envidando seus melhores esfor\u00e7os para que as informa\u00e7\u00f5es utilizadas em seus servi\u00e7os sejam tratadas de forma \u00e9tica, legal e segura.<\/span><\/p><p class=\"p1\"><span class=\"s1\">Neste sentido, a SPDM iniciou um extenso processo de adequa\u00e7\u00e3o de suas atividades \u00e0s obriga\u00e7\u00f5es trazidas pela LGPD, tendo nomeado encarregado pelo tratamento de dados pessoais, conforme expressa obriga\u00e7\u00e3o legal, e criado um setor espec\u00edfico para lidar com os temas de privacidade afetos \u00e0 institui\u00e7\u00e3o.<\/span><\/p><p class=\"p1\"><span class=\"s1\">A partir destas medidas iniciais, a institui\u00e7\u00e3o adotou medidas t\u00e9cnicas e administrativas voltadas a garantir o cumprimento de suas obriga\u00e7\u00f5es legais e, acima de tudo, a efetiva prote\u00e7\u00e3o da privacidade e dos dados dos pacientes.<\/span><\/p>\t\t\t\t\t\t\t\t<\/div>\n\t\t\t\t<\/div>\n\t\t\t\t\t<\/div>\n\t\t<\/div>\n\t\t\t\t\t<\/div>\n\t\t<\/section>\n\t\t\t\t<\/div>\n\t\t","protected":false},"excerpt":{"rendered":"<p>Privacidade na SPDM A SPDM, sempre atenta aos avan\u00e7os legais e tecnol\u00f3gicos, bem como primando pelas melhores pr\u00e1ticas na consecu\u00e7\u00e3o de seus objetivos estatut\u00e1rios, tem na privacidade e na prote\u00e7\u00e3o de dados dos pacientes e demais usu\u00e1rios de seus servi\u00e7os um ponto de grande aten\u00e7\u00e3o, envidando seus melhores esfor\u00e7os para que as informa\u00e7\u00f5es utilizadas em [&hellip;]<\/p>\n","protected":false},"author":1,"featured_media":0,"parent":0,"menu_order":0,"comment_status":"closed","ping_status":"closed","template":"elementor_header_footer","meta":{"footnotes":""},"class_list":["post-294","page","type-page","status-publish","hentry"],"_links":{"self":[{"href":"https:\/\/hospitalsaopaulo.animaker.com.br\/index.php?rest_route=\/wp\/v2\/pages\/294","targetHints":{"allow":["GET"]}}],"collection":[{"href":"https:\/\/hospitalsaopaulo.animaker.com.br\/index.php?rest_route=\/wp\/v2\/pages"}],"about":[{"href":"https:\/\/hospitalsaopaulo.animaker.com.br\/index.php?rest_route=\/wp\/v2\/types\/page"}],"author":[{"embeddable":true,"href":"https:\/\/hospitalsaopaulo.animaker.com.br\/index.php?rest_route=\/wp\/v2\/users\/1"}],"replies":[{"embeddable":true,"href":"https:\/\/hospitalsaopaulo.animaker.com.br\/index.php?rest_route=%2Fwp%2Fv2%2Fcomments&post=294"}],"version-history":[{"count":0,"href":"https:\/\/hospitalsaopaulo.animaker.com.br\/index.php?rest_route=\/wp\/v2\/pages\/294\/revisions"}],"wp:attachment":[{"href":"https:\/\/hospitalsaopaulo.animaker.com.br\/index.php?rest_route=%2Fwp%2Fv2%2Fmedia&parent=294"}],"curies":[{"name":"wp","href":"https:\/\/api.w.org\/{rel}","templated":true}]}}