{"id":244,"date":"2024-03-11T18:49:41","date_gmt":"2024-03-11T18:49:41","guid":{"rendered":"https:\/\/hospitalsaopaulo.animaker.com.br\/?page_id=244"},"modified":"2024-03-13T19:20:54","modified_gmt":"2024-03-13T19:20:54","slug":"programa-de-integridade-e-compliance","status":"publish","type":"page","link":"https:\/\/hospitalsaopaulo.animaker.com.br\/?page_id=244","title":{"rendered":"Programa de Integridade e Compliance"},"content":{"rendered":"\t\t<div data-elementor-type=\"wp-page\" data-elementor-id=\"244\" class=\"elementor elementor-244\" data-elementor-post-type=\"page\">\n\t\t\t\t\t\t<section class=\"elementor-section elementor-top-section elementor-element elementor-element-0912eff elementor-section-boxed elementor-section-height-default elementor-section-height-default\" data-id=\"0912eff\" data-element_type=\"section\" data-e-type=\"section\">\n\t\t\t\t\t\t<div class=\"elementor-container elementor-column-gap-default\">\n\t\t\t\t\t<div class=\"elementor-column elementor-col-100 elementor-top-column elementor-element elementor-element-e94bfb5\" data-id=\"e94bfb5\" data-element_type=\"column\" data-e-type=\"column\">\n\t\t\t<div class=\"elementor-widget-wrap elementor-element-populated\">\n\t\t\t\t\t\t<div class=\"elementor-element elementor-element-d6e18a1 elementor-widget elementor-widget-spacer\" data-id=\"d6e18a1\" data-element_type=\"widget\" data-e-type=\"widget\" data-widget_type=\"spacer.default\">\n\t\t\t\t<div class=\"elementor-widget-container\">\n\t\t\t\t\t\t\t<div class=\"elementor-spacer\">\n\t\t\t<div class=\"elementor-spacer-inner\"><\/div>\n\t\t<\/div>\n\t\t\t\t\t\t<\/div>\n\t\t\t\t<\/div>\n\t\t\t\t<div class=\"elementor-element elementor-element-ac6179b elementor-widget elementor-widget-heading\" data-id=\"ac6179b\" data-element_type=\"widget\" data-e-type=\"widget\" data-widget_type=\"heading.default\">\n\t\t\t\t<div class=\"elementor-widget-container\">\n\t\t\t\t\t<h3 class=\"elementor-heading-title elementor-size-default\">Programa de Integridade e Compliance<\/h3>\t\t\t\t<\/div>\n\t\t\t\t<\/div>\n\t\t\t\t\t<\/div>\n\t\t<\/div>\n\t\t\t\t\t<\/div>\n\t\t<\/section>\n\t\t\t\t<section class=\"elementor-section elementor-top-section elementor-element elementor-element-132b4ea elementor-section-boxed elementor-section-height-default elementor-section-height-default\" data-id=\"132b4ea\" data-element_type=\"section\" data-e-type=\"section\">\n\t\t\t\t\t\t<div class=\"elementor-container elementor-column-gap-default\">\n\t\t\t\t\t<div class=\"elementor-column elementor-col-100 elementor-top-column elementor-element elementor-element-5956c1c\" data-id=\"5956c1c\" data-element_type=\"column\" data-e-type=\"column\">\n\t\t\t<div class=\"elementor-widget-wrap elementor-element-populated\">\n\t\t\t\t\t\t<section class=\"elementor-section elementor-inner-section elementor-element elementor-element-51d8c86 elementor-section-boxed elementor-section-height-default elementor-section-height-default\" data-id=\"51d8c86\" data-element_type=\"section\" data-e-type=\"section\">\n\t\t\t\t\t\t<div class=\"elementor-container elementor-column-gap-default\">\n\t\t\t\t\t<div class=\"elementor-column elementor-col-50 elementor-inner-column elementor-element elementor-element-f3bfcc4\" data-id=\"f3bfcc4\" data-element_type=\"column\" data-e-type=\"column\">\n\t\t\t<div class=\"elementor-widget-wrap elementor-element-populated\">\n\t\t\t\t\t\t<div class=\"elementor-element elementor-element-4d93c8d elementor-widget elementor-widget-video\" data-id=\"4d93c8d\" data-element_type=\"widget\" data-e-type=\"widget\" data-settings=\"{&quot;video_type&quot;:&quot;hosted&quot;,&quot;controls&quot;:&quot;yes&quot;}\" data-widget_type=\"video.default\">\n\t\t\t\t<div class=\"elementor-widget-container\">\n\t\t\t\t\t\t\t<div class=\"e-hosted-video elementor-wrapper elementor-open-inline\">\n\t\t\t\t\t<video class=\"elementor-video\" src=\"http:\/\/hospitalsaopaulo.animaker.com.br\/wp-content\/uploads\/sites\/155\/2024\/03\/Video-Outubro-2022-Dr-Nacime-Compliance.mp4\" controls=\"\" preload=\"metadata\" controlsList=\"nodownload\"><\/video>\n\t\t\t\t<\/div>\n\t\t\t\t\t\t<\/div>\n\t\t\t\t<\/div>\n\t\t\t\t\t<\/div>\n\t\t<\/div>\n\t\t\t\t<div class=\"elementor-column elementor-col-50 elementor-inner-column elementor-element elementor-element-6fc6743\" data-id=\"6fc6743\" data-element_type=\"column\" data-e-type=\"column\">\n\t\t\t<div class=\"elementor-widget-wrap\">\n\t\t\t\t\t\t\t<\/div>\n\t\t<\/div>\n\t\t\t\t\t<\/div>\n\t\t<\/section>\n\t\t\t\t<div class=\"elementor-element elementor-element-45b8aa8 elementor-widget elementor-widget-text-editor\" data-id=\"45b8aa8\" data-element_type=\"widget\" data-e-type=\"widget\" data-widget_type=\"text-editor.default\">\n\t\t\t\t<div class=\"elementor-widget-container\">\n\t\t\t\t\t\t\t\t\t<p>Dr. Nacime Salom\u00e3o Mansur \u2013 Superintendente do Hospital S\u00e3o Paulo<\/p>\t\t\t\t\t\t\t\t<\/div>\n\t\t\t\t<\/div>\n\t\t\t\t\t<\/div>\n\t\t<\/div>\n\t\t\t\t\t<\/div>\n\t\t<\/section>\n\t\t\t\t<section class=\"elementor-section elementor-top-section elementor-element elementor-element-54e1a15 elementor-section-boxed elementor-section-height-default elementor-section-height-default\" data-id=\"54e1a15\" data-element_type=\"section\" data-e-type=\"section\">\n\t\t\t\t\t\t<div class=\"elementor-container elementor-column-gap-default\">\n\t\t\t\t\t<div class=\"elementor-column elementor-col-100 elementor-top-column elementor-element elementor-element-4ba0635\" data-id=\"4ba0635\" data-element_type=\"column\" data-e-type=\"column\">\n\t\t\t<div class=\"elementor-widget-wrap elementor-element-populated\">\n\t\t\t\t\t\t<div class=\"elementor-element elementor-element-813e8e6 elementor-widget elementor-widget-text-editor\" data-id=\"813e8e6\" data-element_type=\"widget\" data-e-type=\"widget\" data-widget_type=\"text-editor.default\">\n\t\t\t\t<div class=\"elementor-widget-container\">\n\t\t\t\t\t\t\t\t\t<ul><li><span style=\"color: #333333;\"><a style=\"color: #333333;\" href=\"https:\/\/hospitalsaopaulo.animaker.com.br\/?page_id=254\">Manual de Conformidade Administrativa, Pol\u00edticas e Princ\u00edpios de Integridade<\/a><\/span><\/li><li><span style=\"color: #333333;\"><a style=\"color: #333333;\" href=\"https:\/\/hospitalsaopaulo.animaker.com.br\/?page_id=256\">Pol\u00edticas, Normas e Regulamentos<\/a><\/span><\/li><li><a href=\"https:\/\/hospitalsaopaulo.animaker.com.br\/?page_id=266\"><span style=\"color: #333333;\">Relat\u00f3rio de Compliance e Integridade<\/span><\/a><\/li><li><a href=\"https:\/\/hospitalsaopaulo.animaker.com.br\/?page_id=269\"><span style=\"color: #333333;\">Manual de Fornecedores<\/span><\/a><\/li><li><a href=\"https:\/\/hospitalsaopaulo.animaker.com.br\/?page_id=273\"><span style=\"color: #333333;\">Comunica\u00e7\u00e3o<\/span><\/a><\/li><li><a href=\"https:\/\/hospitalsaopaulo.animaker.com.br\/?page_id=280\"><span style=\"color: #333333;\">Treinamentos<\/span><\/a><\/li><li><a href=\"https:\/\/hospitalsaopaulo.animaker.com.br\/?page_id=291\"><span style=\"color: #333333;\">Canal de Den\u00fancia<\/span><\/a><\/li><\/ul>\t\t\t\t\t\t\t\t<\/div>\n\t\t\t\t<\/div>\n\t\t\t\t\t<\/div>\n\t\t<\/div>\n\t\t\t\t\t<\/div>\n\t\t<\/section>\n\t\t\t\t<\/div>\n\t\t","protected":false},"excerpt":{"rendered":"<p>Programa de Integridade e Compliance http:\/\/hospitalsaopaulo.animaker.com.br\/wp-content\/uploads\/sites\/155\/2024\/03\/Video-Outubro-2022-Dr-Nacime-Compliance.mp4 Dr. Nacime Salom\u00e3o Mansur \u2013 Superintendente do Hospital S\u00e3o Paulo Manual de Conformidade Administrativa, Pol\u00edticas e Princ\u00edpios de Integridade Pol\u00edticas, Normas e Regulamentos Relat\u00f3rio de Compliance e Integridade Manual de Fornecedores Comunica\u00e7\u00e3o Treinamentos Canal de Den\u00fancia<\/p>\n","protected":false},"author":1,"featured_media":0,"parent":0,"menu_order":0,"comment_status":"closed","ping_status":"closed","template":"elementor_header_footer","meta":{"footnotes":""},"class_list":["post-244","page","type-page","status-publish","hentry"],"_links":{"self":[{"href":"https:\/\/hospitalsaopaulo.animaker.com.br\/index.php?rest_route=\/wp\/v2\/pages\/244","targetHints":{"allow":["GET"]}}],"collection":[{"href":"https:\/\/hospitalsaopaulo.animaker.com.br\/index.php?rest_route=\/wp\/v2\/pages"}],"about":[{"href":"https:\/\/hospitalsaopaulo.animaker.com.br\/index.php?rest_route=\/wp\/v2\/types\/page"}],"author":[{"embeddable":true,"href":"https:\/\/hospitalsaopaulo.animaker.com.br\/index.php?rest_route=\/wp\/v2\/users\/1"}],"replies":[{"embeddable":true,"href":"https:\/\/hospitalsaopaulo.animaker.com.br\/index.php?rest_route=%2Fwp%2Fv2%2Fcomments&post=244"}],"version-history":[{"count":0,"href":"https:\/\/hospitalsaopaulo.animaker.com.br\/index.php?rest_route=\/wp\/v2\/pages\/244\/revisions"}],"wp:attachment":[{"href":"https:\/\/hospitalsaopaulo.animaker.com.br\/index.php?rest_route=%2Fwp%2Fv2%2Fmedia&parent=244"}],"curies":[{"name":"wp","href":"https:\/\/api.w.org\/{rel}","templated":true}]}}